alculate k(0).
5
Let n(k) be the third derivative of -1/12*k**5 + 2/3*k**3 + 1/24*k**4 + 0 + 1/120*k**6 + 0*k + 12*k**2. What is n(5)?
9
Let b(i) be the third derivative of 1/12*i**4 - 1/6*i**3 + 0 + 15*i**2 - 2/15*i**5 - 2*i. Give b(1).
-7
Suppose 6 = -3*d - 2*y - 16, -4*y = 2*d + 20. Let p be (d/4)/(54/(-72)). Let a(c) = 1 - 5 + 4*c + c + 6 + 4*c**p + c**3. Calculate a(-3).
-4
Let x(m) be the first derivative of 3*m**2/2 - 3*m + 19. Let d be -2 + 3 - (-8 - -3). Determine x(d).
15
Let r be 8/28 - (-312)/(-14). Let o be (-84)/r + (-2)/(-11). Let f(m) = o*m + m - 1 - 4*m - m**2. Give f(-3).
-13
Let u be (-7)/(-28)*-1 - 13/(-4). Let y(r) = -r**3 + 2*r**2 + 3*r + 2. Calculate y(u).
2
Let b(z) = -z**3 + 11*z**2 + 5*z - 1. Let i(c) = -5*c**3 + 55*c**2 + 28*c - 6. Let v(h) = 11*b(h) - 2*i(h). What is v(11)?
-10
Let q(w) = -2*w + 3. Let n(g) = g**3 + 5*g**2 - 13*g + 1. Let u be n(-7). Calculate q(u).
15
Let y(b) = 107*b - 14. Let s(c) = -39*c + 5. Let m(q) = -11*s(q) - 4*y(q). Calculate m(15).
16
Suppose -2*x = -21 + 17. Let i(a) = a**2 + 101 + x*a - 92 - a. Determine i(0).
9
Let t(x) = x - 10. Let u(s) = -s + 7. Let c(v) = -5*t(v) - 7*u(v). Let j be 3/(-6)*(-12)/(-1). Let w(a) = -a**3 - 4*a**2 + 13*a + 4. Let i be w(j). Give c(i).
-3
Let n(g) be the third derivative of -g**6/120 - g**5/10 + g**4/4 - g**3/6 + 9*g**2. Let y be n(-7). Let b(k) = -k**2 + 7*k. Determine b(y).
6
Let n(l) = -l - 15. Let i(r) be the third derivative of 0 - 3*r**2 + 0*r + 1/24*r**4 + 8/3*r**3. Let x(h) = -3*i(h) - 4*n(h). Calculate x(-6).
6
Let w be -2 - ((-45)/20 - (-1)/4). Let n(k) = -3 + 8*k + 2*k**2 + w*k**2 - 3*k + 6. Give n(-3).
6
Let t(b) = -b**3 - 8*b**2 - 5*b + 3. Let u(k) = -4*k - 47. Let d be u(-10). What is t(d)?
-11
Let c(q) be the first derivative of 13*q**4/4 - q**3/3 + q + 26. Determine c(1).
13
Let i(f) = -f + 3. Let r be ((-8)/(-5))/(2/20). Let q = r - 17. Let j be 6*(4/8 + q). Give i(j).
6
Let d(z) be the second derivative of -z**5/20 + 7*z**4/12 - 4*z**3/3 + 3*z**2/2 + 120*z. Determine d(6).
-9
Let x(d) = -2*d**3. Suppose -17*y = -13*y + 4. Let i be y/2 - (-5)/2. What is x(i)?
-16
Let s(j) = 14*j - 4. Let x(b) = 5*b - 1. Let u(k) = 3*s(k) - 8*x(k). Calculate u(5).
6
Let p(z) = -5*z**2 - 3*z - 9. Let n(j) = -12*j**2 - 6*j - 17. Let r(g) = -3*n(g) + 7*p(g). Give r(5).
-2
Let c(n) = 9*n**3 - 2*n - 2. Let a be c(-1). Let f(b) = -b - 11. What is f(a)?
-2
Suppose d = 4*k + 25, 2*k - k + 2*d = 5. Let z(x) be the second derivative of 4*x + 0 - 1/6*x**3 - 1/2*x**2. What is z(k)?
4
Let p(h) = 7*h**2 - 8*h**2 - 5*h + 11*h. Suppose -g + 5 = 18. Let z(m) = -m**2 - 11*m + 30. Let k be z(g). Calculate p(k).
8
Let d(u) = -14*u + 24. Let j(r) = 5*r - 8. Let n(x) = -6*d(x) - 17*j(x). Let k be n(-6). Let a(q) = q**2 + q. Determine a(k).
2
Let s(i) = i**2 + 5*i + 2. Let x be s(-5). Let h(r) be the second derivative of 3*r + 1/6*r**3 - r**2 + 0. Give h(x).
0
Let s(u) = -2*u**3 + 4*u**2 + 2*u - 2. Let w(z) = -z**3 + z**2 + z - 1. Let p(y) = -y**2 - 2*y + 16. Let m be p(-5). Let q(l) = m*s(l) - w(l). Give q(3).
2
Let m(d) be the second derivative of -18*d + 7/12*d**4 + 1/20*d**5 + 0 + 5/6*d**3 - 4*d**2. What is m(-6)?
-2
Let d(r) = r**3 + 5*r**2 - 8*r + 2. Let x = 40 - 35. Let q(v) = v**2 - 5*v - 2. Let h be q(x). Let k(u) = 2*u**3 + 4*u**2 + 2*u - 2. Let m be k(h). Give d(m).
14
Let r = 72 - 70. Let n be (96/(-9))/r + 2/6. Let b(h) = -h + 1. What is b(n)?
6
Let b(m) = m**3 + 8*m**2 + 8*m - 1. Let j(a) = -a**2 + 24*a - 126. Let g be j(7). What is b(g)?
-8
Let h be (-10 - (1 - -3))*5/10. Let q(t) = t**3 + 7*t**2 + 2*t - 5. Let p(k) = k. Let c(z) = 2*p(z) - q(z). What is c(h)?
5
Suppose -20*p - 41 = -21*p. Let m = p + -42. Let n(o) = -18*o**3 - o**2 - o - 1. Give n(m).
17
Let z(m) = -m**2 - m. Let j(o) = -37*o**3 - 2*o**2 + 1. Let k be j(1). Suppose 7*i = -8*i - 45. Let w be ((-8)/i)/(k/57). What is z(w)?
-12
Let s(y) = 2*y + 7. Let z(f) = 6*f**2 + 2*f + 1. Let u = -4 - -3. Let l be z(u). What is s(l)?
17
Let p(i) = i**2 + 7*i + 2. Let u(z) = -6*z + 44. Let j be u(8). What is p(j)?
-10
Let p be (2/(-4))/(20/(-80)). Suppose -4*b + 5 = -0*w - w, -p*w + 4*b = 10. Let l(y) = -y**2 - 6*y - 5. Give l(w).
0
Let v(u) be the first derivative of u**3 - u**2/2 - 3*u - 1. Let d(i) be the first derivative of v(i). Let b be (-3)/6 - 3/(-2). Calculate d(b).
5
Let n(x) = x + 8. Suppose -y - 23 = 2*i, 2*i = 2*y + 45 + 7. Let c be 5*(-30)/y*-1. Give n(c).
2
Let b(p) = -p**2 + 6*p + 4 - 4 + 8. Let z be (6/4)/(27/54). Suppose -4*k = 2*c - 12, -11*c = -6*c - z*k - 30. Calculate b(c).
8
Let h(c) = -3*c + c + 320 - 2*c - 359 - c. What is h(-8)?
1
Suppose 4*y - 5*n + 10*n = 35, -16 = -5*y + 3*n. Let g(l) = -l**3 + 3*l**2 + 4*l - 4. What is g(y)?
-34
Let x = 190 + -194. Let h(l) = -3*l**2 - 5*l + 2. Determine h(x).
-26
Let x be ((-1)/2)/(35/(-30) - -1). Let b(j) = -7 - j + 4*j**2 - 3 - 4*j - x*j**2. Give b(7).
4
Let y(h) be the third derivative of h**4/12 + 7*h**3/3 - h**2 - 78*h. Determine y(-12).
-10
Let b(g) = -3*g + 7. Let n(k) = 13*k**2 - 506*k - 48. Let j be n(39). Calculate b(j).
34
Let z = 22 + -16. Suppose 0 = 5*r + z - 1. Let u(h) = -8*h. Calculate u(r).
8
Let l(y) = y - 3. Let b = 487 + -484. Determine l(b).
0
Let m(l) = -l - 7. Let y(x) = -3*x - 20. Let d(v) = 8*m(v) - 3*y(v). Let u be d(-2). Let q(o) = 0*o**u - 5 - o + 6*o**2 + 3 + o**3. Determine q(-6).
4
Suppose 138 = 3*l - 3*r, 7*l = 2*l - 5*r + 190. Suppose -323*c - l = -329*c. Let s(o) = o + 1. Let k(n) = 6*n - 3. Let z(g) = k(g) - 5*s(g). Calculate z(c).
-1
Suppose 32*m - 76 = -268. Let q(x) = -6*x - 1. Give q(m).
35
Let j(x) = x - 2. Let l be (2 - -1)*(1 + (-15)/(-9)). Let m = l + -6. Give j(m).
0
Suppose -2*n + 0 - 14 = 0. Let v(l) be the third derivative of l**6/120 + l**5/10 - l**4/4 + l**3 - 3*l**2. Give v(n).
-1
Let o(m) = 3*m**2 - 5*m. Let y be o(2). Suppose -4*l = -y*l. Let q(u) be the third derivative of u**6/120 - u**4/24 - u**3/6 + u**2. Determine q(l).
-1
Let u(b) be the first derivative of 1/3*b**3 + 0*b - 42 + 4*b**2. What is u(-6)?
-12
Let p(r) = 4*r**2 - 8*r - 23*r**2 + 18*r**2 + 15. What is p(-10)?
-5
Let n = -3 - -13. Suppose 8*b = 10*b + n. Let y(i) = -2*i**3 - 17*i**2 - 15*i + 4. Let u(h) = h**3 + 8*h**2 + 7*h - 2. Let l(k) = 5*u(k) + 2*y(k). What is l(b)?
-2
Let y = -4 - -1. Let a = 91 - 82. Let l be (y/a)/(1/(-6)). Let v(b) = -b**3 + 3*b - 2. Give v(l).
-4
Suppose j + 3*f = 3*j - 7, -3*f = -j + 11. Let s(z) = -3*z + 3 + z + 2 + 4*z. Calculate s(j).
-3
Let v = 0 - 7. Let h be 120/28 + 4/(-14). Let k(n) = -3*n - 3. Let z(y) = -2*y - 2. Let s(d) = h*k(d) + v*z(d). Calculate s(-2).
-2
Let w(z) be the first derivative of z**3/3 + 3*z**2/2 - 2*z + 1. Let x be 16/((-256)/36) - (-1)/4. Determine w(x).
-4
Let l(x) = -5*x**2 + 2*x + 1. Let d be -24*(-1)/6*(-2 + 6). Let z(v) = -2*v + 31. Let c be z(d). What is l(c)?
-6
Let c(a) = 6*a - 50 + 16 + 15 + a + 16. Let q(j) = 13*j - 3. Let x(z) = 53*z - 11. Let l(y) = -9*q(y) + 2*x(y). Let k(v) = 8*c(v) + 5*l(v). Give k(0).
1
Let p(b) = b**3 - 4*b**2 + 6*b - 8. Let y be p(3). Suppose 4*a + 2*m + 32 = 0, 3*m - 2 = a - y. Let n(s) = -s**3 - 8*s**2 - 8*s. Calculate n(a).
7
Let i(l) = -l**2 - 16*l - 52. Let g(x) = x**3 - 10*x**2 - 15*x + 32. Let s be g(11). What is i(s)?
-4
Let c be (3 + -2)*4/(-2). Let g(k) be the third derivative of 7*k**4/24 + k**3/2 + 388*k**2. Determine g(c).
-11
Let l(f) = f**2 + 11*f + 1. Suppose p - 39 = 4*g, 4*g + 15 = 5*p - 4. What is l(g)?
1
Let c(g) = -11*g**3 + 25*g**2 + 3*g + 12. Let m(q) = 5*q**3 - 12*q**2 - 2*q - 6. Let t = 34 - 21. Let o(d) = t*m(d) + 6*c(d). Give o(-5).
9
Let o = -26 - -29. Let s be 4/((o/2)/(12/(-16))). Let a(q) = 0*q - 2 + q - 3*q. Calculate a(s).
2
Let o(n) be the first derivative of n**3/3 - 3*n**2 - 8*n - 231. Calculate o(7).
-1
Let c(d) be the third derivative of d**6/120 - d**5/60 - 5*d**4/24 + d**3/3 - 2*d**2 - 16*d. What is c(3)?
5
Let k(u) = -5*u**2 + u**3 - u + 3*u**2 + 2*u + 3 - 4*u. Calculate k(3).
3
Let w(z) = -1. Let g(l) = l**2 + 2*l - 3. Let a(n) = -g(n) - 3*w(n). Let y(s) = 2*s**2 - 19*s + 19. Let o be y(8). Calculate a(o).
-9
Let g(h) be the third derivative of -h**5/60 + h**4/8 + 13*h**3/6 + 30*h**2 - 3*h. Determine g(9).
-41
Suppose -75 + 91 = -4*u. Let i(y) = -y**3 - y**2 + 1. Let n(x) = -3*x**3 + 6. Let l(j